n 1661 is divided by 15?
11
What is the remainder when 27 is divided by 20?
7
Calculate the remainder when 282 is divided by 72.
66
Calculate the remainder when 1749 is divided by 103.
101
What is the remainder when 367 is divided by 16?
15
Calculate the remainder when 488 is divided by 122.
0
What is the remainder when 407 is divided by 380?
27
Calculate the remainder when 237 is divided by 6.
3
Calculate the remainder when 1058 is divided by 13.
5
What is the remainder when 67 is divided by 28?
11
Calculate the remainder when 1778 is divided by 66.
62
What is the remainder when 49 is divided by 22?
5
What is the remainder when 132 is divided by 35?
27
What is the remainder when 37 is divided by 13?
11
What is the remainder when 333 is divided by 84?
81
Calculate the remainder when 108 is divided by 8.
4
Calculate the remainder when 1495 is divided by 22.
21
Calculate the remainder when 670 is divided by 56.
54
Calculate the remainder when 180 is divided by 45.
0
What is the remainder when 1287 is divided by 23?
22
What is the remainder when 264 is divided by 59?
28
What is the remainder when 5849 is divided by 133?
130
Calculate the remainder when 598 is divided by 274.
50
What is the remainder when 1835 is divided by 10?
5
What is the remainder when 128 is divided by 37?
17
What is the remainder when 2988 is divided by 115?
113
What is the remainder when 295 is divided by 7?
1
Calculate the remainder when 1026 is divided by 510.
6
Calculate the remainder when 922 is divided by 4.
2
Calculate the remainder when 99 is divided by 15.
9
Calculate the remainder when 29 is divided by 28.
1
Calculate the remainder when 1915 is divided by 101.
97
Calculate the remainder when 414 is divided by 140.
134
What is the remainder when 222 is divided by 107?
8
Calculate the remainder when 82678 is divided by 40.
38
Calculate the remainder when 78 is divided by 57.
21
What is the remainder when 310 is divided by 15?
10
What is the remainder when 420 is divided by 40?
20
Calculate the remainder when 124 is divided by 83.
41
What is the remainder when 2333 is divided by 43?
11
What is the remainder when 338 is divided by 85?
83
Calculate the remainder when 251 is divided by 32.
27
What is the remainder when 3827 is divided by 18?
11
What is the remainder when 17 is divided by 12?
5
Calculate the remainder when 184 is divided by 2.
0
Calculate the remainder when 761 is divided by 45.
41
What is the remainder when 1 is divided by 1?
0
Calculate the remainder when 1280 is divided by 255.
5
What is the remainder when 326 is divided by 41?
39
What is the remainder when 90 is divided by 85?
5
Calculate the remainder when 1054 is divided by 11.
9
Calculate the remainder when 2111 is divided by 88.
87
Calculate the remainder when 235 is divided by 7.
4
What is the remainder when 314 is divided by 81?
71
Calculate the remainder when 10 is divided by 6.
4
What is the remainder when 95 is divided by 26?
17
What is the remainder when 280 is divided by 137?
6
Calculate the remainder when 105 is divided by 45.
15
Calculate the remainder when 872 is divided by 244.
140
Calculate the remainder when 924 is divided by 47.
31
What is the remainder when 2405 is divided by 23?
13
Calculate the remainder when 247 is divided by 70.
37
What is the remainder when 4067 is divided by 23?
19
What is the remainder when 17178 is divided by 23?
20
Calculate the remainder when 300 is divided by 91.
27
Calculate the remainder when 7692 is divided by 13.
9
Calculate the remainder when 119 is divided by 20.
19
What is the remainder when 205 is divided by 35?
30
What is the remainder when 327 is divided by 83?
78
What is the remainder when 197 is divided by 69?
59
Calculate the remainder when 1453 is divided by 97.
95
Calculate the remainder when 296 is divided by 34.
24
What is the remainder when 7633 is divided by 23?
20
What is the remainder when 5548 is divided by 2?
0
Calculate the remainder when 1209 is divided by 173.
171
Calculate the remainder when 4051 is divided by 203.
194
Calculate the remainder when 112 is divided by 60.
52
Calculate the remainder when 82 is divided by 71.
11
What is the remainder when 1836 is divided by 22?
10
What is the remainder when 133 is divided by 23?
18
What is the remainder when 1215 is divided by 245?
235
Calculate the remainder when 176 is divided by 84.
8
What is the remainder when 152 is divided by 14?
12
Calculate the remainder when 387 is divided by 157.
73
Calculate the remainder when 2938 is divided by 585.
13
What is the remainder when 33 is divided by 30?
3
What is the remainder when 3764 is divided by 293?
248
What is the remainder when 112 is divided by 23?
20
What is the remainder when 1989 is divided by 282?
15
What is the remainder when 89 is divided by 44?
1
What is the remainder when 187 is divided by 68?
51
What is the remainder when 905 is divided by 301?
2
What is the remainder when 122 is divided by 37?
11
Calculate the remainder when 3004 is divided by 32.
28
Calculate the remainder when 315 is divided by 46.
39
Calculate the remainder when 157 is divided by 141.
16
Calculate the remainder when 1798 is divided by 180.
178
What is the remainder when 539 is divided by 20?
19
What is the remainder when 3671 is divided by 12?
11
What is the remainder when 1015 is divided by 196?
35
What is the remainder when 402 is divided by 59?
48
What is the remainder when 2202 is divided by 69?
63
What is the remainder when 120 is divided by 14?
8
Calculate the remainder when 116 is divided by 9.
8
What is the remainder when 75 is divided by 20?
15
Calculate the remainder when 118 is divided by 95.
23
Calculate the remainder when 4119 is divided by 9.
6
Calculate the remainder when 602 is divided by 295.
12
Calculate the remainder when 80 is divided by 21.
17
Calculate the remainder when 1913 is divided by 54.
23
What is the remainder when 3752 is divided by 749?
7
What is the remainder when 364 is divided by 23?
19
What is the remainder when 172 is divided by 25?
22
Calculate the remainder when 196 is divided by 67.
62
Calculate the remainder when 1060 is divided by 71.
66
What is the remainder when 238 is divided by 82?
74
Calculate the remainder when 91 is divided by 17.
6
What is the remainder when 844 is divided by 814?
30
Calculate the remainder when 97 is divided by 20.
17
Calculate the remainder when 184 is divided by 12.
4
Calculate the remainder when 1581 is divided by 3.
0
What is the remainder when 187 is divided by 49?
40
What is the remainder when 457 is divided by 79?
62
Calculate the remainder when 225 is divided by 114.
111
What is the remainder when 152 is divided by 47?
11
Calculate the remainder when 894 is divided by 90.
84
What is the remainder when 484 is divided by 46?
24
Calculate the remainder when 57 is divided by 24.
9
Calculate the remainder when 899 is divided by 36.
35
Calculate the remainder when 4002 is divided by 28.
26
Calculate the remainder when 4890 is divided by 73.
72
What is the remainder when 2963 is divided by 52?
51
Calculate the remainder when 143 is divided by 133.
10
Calculate the remainder when 2287 is divided by 109.
107
Calculate the remainder when 3699 is divided by 20.
19
Calculate the remainder when 9013 is divided by 23.
20
Calculate the remainder when 681 is divided by 9.
6
What is the remainder when 279 is divided by 28?
27
Calculate the remainder when 126 is divided by 35.
21
Calculate the remainder when 790 is divided by 64.
22
Calculate the remainder when 37 is divided by 11.
4
Calculate the remainder when 149 is divided by 17.
13
Calculate the remainder when 33618 is divided by 82.
80
Calculate the remainder when 22317 is divided by 20.
17
What is the remainder when 66 is divided by 12?
6
What is the remainder when 317 is divided by 44?
9
Calculate the remainder when 277 is divided by 22.
13
What is the remainder when 627 is divided by 22?
11
Calculate the remainder when 390 is divided by 23.
22
What is the remainder when 171 is divided by 168?
3
What is the remainder when 2419 is divided by 307?
270
What is the remainder when 97 is divided by 56?
41
What is the remainder when 751 is divided by 260?
231
Calculate the remainder when 1801 is divided by 35.
16
Calculate the remainder when